e the second derivative of q**4/6 - 4*q**3/3 - 2*q**2 - 4*q. What are the prime factors of i(7)?
2, 19
What are the prime factors of -16 + 12 - (2 + -74)?
2, 17
Let k(x) = 5*x**3 + 3*x + 4. List the prime factors of k(2).
2, 5
Suppose j + 4*k = 22 + 42, 5*k = 4*j - 151. What are the prime factors of j?
2, 11
Suppose g = 5*a + 9, -2*g + 2*a + 4 + 6 = 0. Suppose 7*k = g*k + 21. What are the prime factors of k?
7
Let f(d) = 4*d**3 + 6*d**2. Let w be -7 - -1 - 1*-3. Let l(c) = 7*c**3 + 11*c**2 + c. Let v(u) = w*l(u) + 5*f(u). What are the prime factors of v(-3)?
3
Let b(k) = 4*k**2 - 2*k + 1. List the prime factors of b(4).
3, 19
Let v(w) = w**2 - w + 1. Let c(i) = 6*i**2 - 19*i + 17. Let b(d) = -c(d) + 5*v(d). What are the prime factors of b(11)?
3, 7
Suppose 5*n - 5*m - 300 = 0, -10 = -4*m + 2*m. Suppose s = 3*f - 45, 7*f - 3*f - 3*s - n = 0. List the prime factors of f.
2, 7
Suppose 34 + 74 = 4*q - 4*r, 5*r + 63 = 2*q. Let p be (-2 - 1)*q/9. Let l = p - -18. List the prime factors of l.
2, 5
Suppose 90 + 24 = 3*c. List the prime factors of c.
2, 19
Let x = 459 - 267. List the prime factors of x.
2, 3
Suppose -3*b = 3*f - 6, -7*b + 2*b = 2*f - 1. Let t = f - 0. Suppose 0 = -t*o + 34 + 8. What are the prime factors of o?
2, 7
Let q(f) = 5*f - 1. What are the prime factors of q(8)?
3, 13
Suppose -4*g + 125 = 1. Suppose 3*t = -z + 46, z - g = 3*t - 5*t. What are the prime factors of t?
3, 5
Let a(p) = 5*p - 1. Let u(n) = 4*n - 1. Let x(z) = -5*a(z) + 6*u(z). List the prime factors of x(-4).
3
What are the prime factors of (-5)/(50/(-196))*(11 + -1)?
2, 7
Suppose 5*h = 3*q + 2*q + 65, -4*q + h - 46 = 0. Let a(p) = p**2 + 9*p - 9. List the prime factors of a(q).
13
Let w(f) be the second derivative of -f**5/20 - f**4/12 + f**3/6 + 7*f**2 - 3*f. Let b be w(0). What are the prime factors of ((-3)/3)/((-2)/b)?
7
Suppose -3*j + 18 + 450 = 0. What are the prime factors of j?
2, 3, 13
Suppose -7*c + 1218 = -0*c. What are the prime factors of c?
2, 3, 29
Suppose -p - l = -35, -28 - 45 = -2*p + l. Suppose -3*u = 2*u - 25. Suppose 2*f - u*f = -p. List the prime factors of f.
2, 3
Suppose 0*c - 8 = -2*c. Suppose -3*m + c*m = 25. What are the prime factors of m?
5
Suppose -l = 2*o - 7*o - 14, o = -4*l + 98. Let p = 34 - l. List the prime factors of p.
2, 5
Let s = -5 + 9. Suppose -3*a - 52 = -s*z, -2*a + 0*a = -3*z + 39. List the prime factors of z.
13
Suppose 0 = -5*k + 5 + 5. What are the prime factors of k?
2
Let s(i) = -i**3 - 11*i**2 + 11*i - 9. List the prime factors of s(-12).
3
Suppose -6*x - 22 = -8*x. Suppose 0 = 2*b - x - 7. What are the prime factors of b?
3
Let o(x) = 4*x - 14. Let k be o(6). Let u = 2 - 0. Suppose 5*w - t = -u*t + 28, -w = -2*t - k. List the prime factors of w.
2, 3
Let d(l) = l**3 - 2*l**2 + 2*l - 1. Let h(x) = x**2 - 8*x - 4. Let b be h(9). Suppose -b*p + 4 = -3*p. What are the prime factors of d(p)?
3
Let b(t) = t + 2. Let m be b(-6). What are the prime factors of (-46)/(-4) + 2/m?
11
Let b = 18 + -6. List the prime factors of 10/(3*2/b).
2, 5
Let f(h) = -h + 7. Let j be f(6). Let x be 7 + (3 - j)/(-2). Let u(q) = q - 4. List the prime factors of u(x).
2
Let w = -8 - -14. Let x = 8 - w. List the prime factors of x.
2
Suppose -5*w = -131 - 144. List the prime factors of w.
5, 11
Let o(m) = 3*m**3 - m. Let t = 11 + -9. List the prime factors of o(t).
2, 11
Let f(a) = a + 9. List the prime factors of f(10).
19
Suppose 2*j = 7*j - 455. What are the prime factors of j?
7, 13
Suppose -295 = -29*a + 24*a. What are the prime factors of a?
59
Suppose 4*z - 5*l + 2*l = 464, -4*l = 5*z - 611. List the prime factors of z.
7, 17
Suppose 2*z - 15 = -z. Let s be (-76)/(-10) - (-2)/z. Suppose s = a + 2*u, 2*a - 24 = -a - 2*u. List the prime factors of a.
2
Let f = -1 + 6. Suppose 6 - 31 = -f*w. Suppose -w*i + 25 = y, -2*y + 12 + 14 = 4*i. What are the prime factors of i?
2
Let j(o) = 0 + 6*o - 2 + 1 + 0*o. What are the prime factors of j(2)?
11
List the prime factors of -4*(2313/(-4))/9.
257
Let k(u) = -1 + 0 + 4 + 6*u - u**2. List the prime factors of k(5).
2
Suppose x - 2*w + 454 = 5*x, 2*x + 3*w = 233. What are the prime factors of x?
2, 7
Let s(v) = -2*v**3 + v - 2. Suppose -2*w + 0*w - 4 = 0. List the prime factors of s(w).
2, 3
Suppose 0 = 4*o - 5*h - 20, -3*o + 23 = -h - 3. Let w = o - 6. Suppose -i + 15 = w. What are the prime factors of i?
11
Suppose -w + 3*r + 0 + 3 = 0, -4*w + r = -34. Suppose -5*t + 24 = w. What are the prime factors of t?
3
What are the prime factors of (2358/(-36))/(((-3)/2)/3)?
131
Let b(n) = 2*n**3 - 3*n**2 + n - 1. Let h be b(2). Let k = h - -11. What are the prime factors of k?
2
Suppose 5*l - 45 = -5*q, 2*l - 5*q = -14 - 3. What are the prime factors of l?
2
Let z = 10 + -5. Suppose z = h - 8. Suppose 19 = 4*t - h. What are the prime factors of t?
2
Let b be (-62)/10 - 3/(-15). Let a(t) = -t**3 - 6*t**2 + 5. Let l be a(b). Suppose o + 1 = 3*x, -13 = -o - 2*o + l*x. List the prime factors of o.
11
Let t(o) = -o**2 - 6*o + 10. Let y be t(-7). Suppose -4*x + i = -y*x - 7, 5*i = -3*x + 5. Let l = 8 - x. What are the prime factors of l?
3
Suppose m - 531 = -2*d, 3*m = -3*d - m + 789. List the prime factors of d.
3, 89
Let r(a) = -a**3 - 5*a**2 - 3*a + 1. Let b be r(-4). List the prime factors of 138/18 - (-2)/b.
7
Let z(o) = -o**3 - 7*o**2 - 17*o + 10. What are the prime factors of z(-7)?
3, 43
Let b(m) = -m**2 + m + 1. Let d(o) = -2. Let z(q) = -4*b(q) - 2*d(q). Let w be z(3). Suppose 0 = 5*g - w - 41. What are the prime factors of g?
13
Suppose 2*l = 3*l. Let h = 38 + -13. Suppose -4*t + h - 9 = l. List the prime factors of t.
2
Let g(v) = v**2 + 7*v + 8. Suppose 3*z + 16 = z. Let a be g(z). Suppose -4*k = a - 72. List the prime factors of k.
2, 7
Suppose 7 = -f - 2. Let w(r) = -r + 2. List the prime factors of w(f).
11
Suppose -4*s - w = -330, 2*w = 3*s + 2*s - 406. Suppose 0 = 5*r + 3*i + 227, 3*r - r - i = -s. Let f = r - -60. What are the prime factors of f?
17
Let c = 4 - 2. Let a be (-2 - 8)/(c/(-5)). Let o = -15 + a. List the prime factors of o.
2, 5
Let v(l) = -2*l**2 - 3*l - 3. Let h be v(-3). Let r(d) = d**3 + 13*d**2 + 5*d + 4. Let i be r(h). Suppose -17 - i = -5*p. What are the prime factors of p?
3, 7
Suppose 76 = 4*v + 2*d, 11 = v - 4*d + 1. List the prime factors of v.
2, 3
Let f(g) = -3 + g**2 + 3*g**2 - 2*g + 0*g**2 + g**3. Let y be ((-3)/(-4))/(((-3)/(-4))/(-3)). What are the prime factors of f(y)?
2, 3
Suppose -172 = -c - 3*c. Suppose 3 + c = 2*a. List the prime factors of a.
23
Suppose -4*x = -2*d - 60, -6*d + 3*d - x - 69 = 0. Let f(h) = h - 9. Let t be f(0). Let w = t - d. What are the prime factors of w?
3, 5
Suppose -7 + 27 = 5*u. Suppose s = -3*w + 7*w + u, 0 = -4*w - s + 4. Suppose -2*p + 4*c = 2, 3*c = 4*p - w*p - 21. What are the prime factors of p?
3
Suppose 2*v + y - 95 = 0, 4*v - 62 = -4*y + 134. List the prime factors of v.
2, 23
Let u(c) be the first derivative of -c**4/4 + 10*c**3/3 + 2*c + 2. Let x be u(10). Let w = 9 + x. List the prime factors of w.
11
What are the prime factors of 3/4 + (-16491)/(-92)?
2, 3, 5
Let d(s) = 15*s + 25. What are the prime factors of d(12)?
5, 41
Suppose -3*z + 17 = w, -z - 7 = -4*w + 9. Suppose -4*u + 6*k = 2*k - 28, 4*k = -w*u + 35. List the prime factors of u.
7
Let p = 1 + 1. Suppose p*d - 4*d + 20 = 0. What are the prime factors of d?
2, 5
Let d(m) = -m**3 - 9*m**2 + 7*m - 4. Let k be d(-10). Suppose 10 = -f + k. List the prime factors of f.
2
Let m(r) = -r**2 + 6*r + 12. Let b be m(7). Suppose -b*y + 6*y = 45. List the prime factors of y.
3, 5
Let f(m) = -4*m - 4. Let p(u) = -u - 1. Let z be p(-3). Suppose z*r - 2 = -8. List the prime factors of f(r).
2
Suppose -6*m + 2*m + 37 = 5*y, 0 = -m - y + 8. Suppose 2*o - w - 18 = 2*w, -3*w = m*o + 3. Let a = 0 + o. List the prime factors of a.
3
Let v = -21 + 28. What are the prime factors of v?
7
Let z(j) = j**2 + 6*j + 4. What are the prime factors of z(-8)?
2, 5
Let f(q) = 102*q + 12. List the prime factors of f(1).
2, 3, 19
Let y(q) = -q**2 + 6*q - 5. Let i be y(5). Let n(m) be the third derivative of m**5/60 - m**4/24 + m**3 - m**2. What are the prime factors of n(i)?
2, 3
Suppose -2*c = r - 25, -1 + 5 = 4*c. What are the prime factors of r?
23
Let c = 1 + 4. Let g = 7 + c. List the prime